224 + 10?
-210214
In base 16, what is -2a + -8?
-32
In base 7, what is 1 + -625?
-624
In base 11, what is 61 + 4?
65
In base 15, what is 2 + -5a?
-58
In base 13, what is 5 + -c7b?
-c76
In base 15, what is -3 + -66a?
-66d
In base 13, what is 31 - 18?
16
In base 3, what is 201100 - 1?
201022
In base 5, what is -113 + 2?
-111
In base 8, what is 7 - -124?
133
In base 14, what is 4 - -45c?
462
In base 11, what is 5 + -768?
-763
In base 8, what is 6551 - -1?
6552
In base 12, what is 115 + -2?
113
In base 10, what is -330 - -4?
-326
In base 6, what is 3 + -15?
-12
In base 6, what is 54 + -14?
40
In base 4, what is -11 - -3?
-2
In base 5, what is -2 + 24240?
24233
In base 7, what is -1605 + -2?
-1610
In base 14, what is 55 - -3?
58
In base 12, what is 3 - 16?
-13
In base 9, what is -3 + -162?
-165
In base 14, what is a827 + 5?
a82c
In base 16, what is -57 - 5?
-5c
In base 3, what is -10 + 2?
-1
In base 3, what is 1202120 - 0?
1202120
In base 8, what is 12 + -115?
-103
In base 11, what is 2 - -20?
22
In base 7, what is -365 - 1?
-366
In base 13, what is 5 - -1b26?
1b2b
In base 5, what is -13 + -222?
-240
In base 7, what is -3 + -2564?
-2600
In base 8, what is -133 - 1?
-134
In base 14, what is 167 + 4?
16b
In base 2, what is 100011110110 - -1000?
100011111110
In base 12, what is 1 + 17a?
17b
In base 4, what is 121 - 1031?
-310
In base 4, what is -1033221 + -2?
-1033223
In base 14, what is d06 - -4?
d0a
In base 16, what is -584 - 4?
-588
In base 9, what is -3 - -1535?
1532
In base 15, what is -5e6 + 0?
-5e6
In base 5, what is -434 - -2?
-432
In base 6, what is -2 + -13234?
-13240
In base 13, what is -3 + 540?
53a
In base 15, what is -2 - 94?
-96
In base 4, what is 2 + -10102?
-10100
In base 6, what is 5 - 12?
-3
In base 9, what is -6 - -85?
78
In base 9, what is -15 - -1151?
1135
In base 2, what is -100111011 + 11?
-100111000
In base 10, what is -155 - 4?
-159
In base 4, what is 1 + 323?
330
In base 16, what is 44 - -2b?
6f
In base 14, what is 1d + -6c?
-4d
In base 14, what is -d59 - 5?
-d60
In base 5, what is 10 + 1102?
1112
In base 13, what is -289b - 1?
-289c
In base 9, what is 2762 + 2?
2764
In base 4, what is -2 + -233?
-301
In base 16, what is 1 + -6d?
-6c
In base 3, what is -20010 + -2112?
-22122
In base 14, what is 0 - -75?
75
In base 8, what is -604 - -2?
-602
In base 6, what is -5 + 202?
153
In base 10, what is 10 + 803?
813
In base 2, what is -1011110000110 - -101?
-1011110000001
In base 9, what is 0 - 3135?
-3135
In base 11, what is -21 + -211?
-232
In base 3, what is 1001 + 11?
1012
In base 2, what is 101 - 10001000100111?
-10001000100010
In base 10, what is -13 - 47?
-60
In base 7, what is -5 + -1212?
-1220
In base 9, what is 12 + -26?
-14
In base 6, what is 1120 + 1?
1121
In base 7, what is -362 + 3?
-356
In base 15, what is 14b + 6?
152
In base 13, what is 10 - -42c?
43c
In base 3, what is -10211 + -2011?
-12222
In base 16, what is 379 + -16?
363
In base 14, what is -27 - -7c?
55
In base 8, what is 27 - 5?
22
In base 2, what is 10 + -1101100010?
-1101100000
In base 14, what is -4 - d5a?
-d60
In base 15, what is -9 + b?
2
In base 4, what is -1201010 + 2?
-1201002
In base 6, what is 210 - 1002?
-352
In base 11, what is -6279 + -5?
-6283
In base 6, what is 4 + -552?
-544
In base 6, what is -5 + 3152?
3143
In base 6, what is 1 - -122?
123
In base 12, what is -61 - 6?
-67
In base 9, what is -37 + 5?
-32
In base 15, what is -cd + -10?
-dd
In base 2, what is 11010010001 - 11?
11010001110
In base 11, what is 3 - -806?
809
In base 12, what is 58 + 1b?
77
In base 4, what is -101 + -1?
-102
In base 4, what is -1233 - -3?
-1230
In base 13, what is -63 + -96?
-129
In base 15, what is -db + 23?
-b8
In base 2, what is 1001 - 1111011010?
-1111010001
In base 3, what is -122021 - -2?
-122012
In base 5, what is 3 - -3031?
3034
In base 13, what is 32a - 3?
327
In base 14, what is 2 + -b4?
-b2
In base 11, what is 2 - -37?
39
In base 2, what is 1000110101111 + -100?
1000110101011
In base 11, what is -4 + 147?
143
In base 12, what is -9 - -72?
65
In base 11, what is 11 + a?
20
In base 14, what is -4 + -349?
-34d
In base 13, what is 1a + 5?
22
In base 10, what is 35 + 6?
41
In base 11, what is -5 - -40?
36
In base 13, what is -3 + -108?
-10b
In base 7, what is 32 - -15?
50
In base 4, what is 232 - -12?
310
In base 3, what is -1000 + -2121?
-10121
In base 4, what is -13 - -120?
101
In base 13, what is -c42 - 3?
-c45
In base 9, what is -530 + 5?
-524
In base 7, what is -104 - 45?
-152
In base 16, what is 2f - 1e?
11
In base 14, what is -b + -47?
-54
In base 10, what is 12 - -101?
113
In base 11, what is 5 - 5?
0
In base 16, what is -8 - 1?
-9
In base 7, what is -13 - -5?
-5
In base 15, what is -7 + 10dc?
10d5
In base 5, what is -2021 + -3?
-2024
In base 14, what is -3d - 2?
-41
In base 2, what is -1101 + -111110?
-1001011
In base 4, what is 1133 + -13?
1120
In base 13, what is 2b4 + -1?
2b3
In base 10, what is 62 + 3?
65
In base 4, what is -12 + -2120?
-2132
In base 10, what is 1 + 520?
521
In base 5, what is -1 + -122?
-123
In base 5, what is -113 - 12?
-130
In base 6, what is 3 - 11?
-4
In base 3, what is -2121202 + -12?
-2121221
In base 5, what is 2133 - -1?
2134
In base 15, what is 188 + 4?
18c
In base 16, what is 4 - 2bb?
-2b7
In base 2, what is 11001110 + -1?
11001101
In base 16, what is -1e - 0?
-1e
In base 6, what is -32 + 4234?
4202
In base 15, what is -37 - 125?
-15c
In base 12, what is -9 + -14?
-21
In base 9, what is -1 - -327?
326
In base 10, what is -61 - -312?
251
In base 11, what is -4 - 1131?
-1135
In base 16, what is 0 + 110?
110
In base 10, what is 400 - 0?
400
In base 16, what is 4 + -4f3?
-4ef
In base 3, what is 210100 + -200?
202200
In base 14, what is 91 - 5?
8a
In base 5, what is -1001242 - 3?
-1001300
In base 7, what is -10 + 61?
51
In base 9, what is 43 - 16?
26
In base 7, what is -42 + 3?
-36
In base 12, what is -23 - -58?
35
In base 6, what is 11 + 25?
40
In base 2, what is 0 - -101110010110?
101110010110
In base 14, what is -5 + -369?
-370
In base 2, what is -100000000 - -1?
-11111111
In base 16, what is -1 + 4?
3
In base 16, what is -3d0 - 4?
-3d4
In base 11, what is -2 - -3250?
3249
In base 9, what is -6 - -5?
-1
In base 7, what is 125 - 4?
121
In base 12, what is 60 + 4?
64
In base 7, what is 10 - 24?
-14
In base 12, what is -3 + -42?
-45
In base 3, what is -1120 + 10?
-1110
In base 16, what is -4 - 2c8?
-2cc
In base 7, what is -32 + 54?
22
In base 14, what is -25 + 50?
29
In base 14, what is 1 + 773?
774
In base 15, what is -2 - 1?
-3
In base 8, what is -42 - 1?
-43
In base 8, what is -672 - 5?
-677
In base 15, what is 4 - -4?
8
In base 2, what is -1100011 - -10?
-1100001
In base 16, what is 483 - b?
478
In base 4, what is 3 + -10012?
-10003
In base 8, what is 20 + 141?
161
In base 16, what is 1cd0 + 0?
1cd0
In base 15, what is -5 + -8a5?
-8aa
In base 9, what is -4 - 1832?
-1836
In base 7, what is -3 - 31?
-34
In base 7, what is 3 + -540?
-534
In base 9, what is 65 - -34?
110
In base 14, what is 675 + 0?
675
In base 13, what is -a - -5?
-5
In base 10, what is -45796 + 1?
-45795
In base 6, what is 0 + -115?
-115
In base 15, what is 19 + -3?
16
In base 13, what is -5a - 3?
-60
In base 2, what is -10000 + 10000111?
1110111
In base 12, what is -484 + 1?
-483
In base 16, what is -863 - -2?
-861
In base 4, what is 1 - 1100020?
-1100013
In base 7, what is -200 - -25?
-142
In base 13, what is 15 + -28?
-13
In base 10, what is 32 - 37?
-5
In base 8, what is -3475 - 5?
-3502
In base 4, what is -10 - 103?
-113
In base 13, what is a5 - 3?
a2
In base 5, what is 12033 + -14?
12014
In base 3, what is -121121022 + 0?
-121121022
In base 12, what is -99 + -16?
-b3
In base 15, what is -21 + d1?
b0
In base 16, what is -2 + -9c?
-9e
In base 15, what is -95 - 5?
-9a
In base 7, what is 2 - 132?
-130
In base 9, what is 1 + -1583?
-1582
In base 3, what is -1 + 1010100?
1010022
In base 8, what is 21 + 27?
50
In base 6, what is 4144 + 43?
4231
In base 15, what is 288 + 3?
28b
In base 12, what is 2 - 28?
-26
In base 10, what is 287 + -1?
286
In base 16, what is 12 - -9?
1b
In base 10, what is -19077 + -1?
-19078
In base 12, what is 27 - -1?
28
In base 8, what is -5 - 57?
-64
In base 16, what is 4 + -980?
-97c
In base 10, what is -1578 + -4?
-1582
In bas